 Suppose t*z - 3*v - 121 = -0*z, -5*z + 2*v = -124. List the prime factors of z.
2, 13
What are the prime factors of (-5 - 7852/(-18)) + 6/(-27)?
431
Let a be 3*1*((-6)/(-9) + -2). List the prime factors of -4 + (a/6)/((-14)/2079).
5, 19
Suppose 0 = -n + 180 + 46. Suppose -b + 2*c + 3*c = -n, -4*c = 16. Suppose -x = -4*x + 4*v + b, 0 = 5*x - 2*v - 348. What are the prime factors of x?
2, 5, 7
Let r(j) = 38*j**3 + j**2 - 1. Suppose 0 = -5*g + 3*g + 6. Suppose -g*b + 5 = 2*b. What are the prime factors of r(b)?
2, 19
Let f(g) = -g**2 + 3*g + 8. Let l be f(-4). Let v = 40 + l. What are the prime factors of v/(-8)*(-7 - -1)?
3, 5
Let u = -393 - -795. List the prime factors of u.
2, 3, 67
Let w = 1295 - 690. List the prime factors of w.
5, 11
Suppose -20 = h - 5170. What are the prime factors of h?
2, 5, 103
Suppose -12*d = -9*d - 603. Suppose 5*k - 465 = 5*p, -2*k = 5*p + 257 + d. List the prime factors of 3*p/(-12)*2.
2, 23
Let v be (-17)/(-3) + (-2)/3. Suppose 7*d + 8 = v*d. What are the prime factors of (12 - d)/4 + 21?
5
Let v(o) = -4*o. Let a be (9/12)/((-3)/(-12)). Let i be v(a). Let m(n) = n**2 + 8*n - 14. What are the prime factors of m(i)?
2, 17
Let q be -2*1 - 368/4. Let l = q + 137. List the prime factors of l.
43
Let p be (1/(-2) + 1)*8. Let i = p - 0. Suppose 0*r = r - i. List the prime factors of r.
2
Suppose r = -4*r + 800. List the prime factors of r.
2, 5
Let b = -44 + 140. Let v = b + 129. List the prime factors of v.
3, 5
Let f(j) be the third derivative of 73*j**5/60 - j**4/12 + j**3/3 - j**2. List the prime factors of f(1).
73
Let t(w) = 25*w**2 + 2*w + 1. Let k be t(-4). Suppose -6*f = -3*f + 5*m - k, 393 = 3*f + 3*m. List the prime factors of f.
131
Suppose 0 = -v + 3. Let g be (-154)/(-33)*v/(-2). Let f = g + 38. List the prime factors of f.
31
List the prime factors of 10/(-35) + (-5844)/(-21).
2, 139
Let p(u) = 34*u - 324. What are the prime factors of p(12)?
2, 3, 7
Suppose -12519 = -24*w + 20313. What are the prime factors of w?
2, 3, 19
Let z(w) = w**2 - 5. Suppose 10 = -2*f - 4*m - 0*m, -3*f = m. Let v = -4 - f. List the prime factors of z(v).
2, 5
Let u = 4 + -30. Let h be u*((-3)/(-1))/(-6). Let x = h - 8. What are the prime factors of x?
5
Let y(t) = 415*t + 219. List the prime factors of y(6).
3, 7, 43
Let s = 2120 - 1365. List the prime factors of s.
5, 151
Let a(m) = -23*m - 6. Let i be a(-10). Suppose 2*r = 0, 0 = 5*u - 2*r + 49 - i. List the prime factors of u.
5, 7
Let z(q) = -q**3 + 17*q**2 - 16*q - 4. Let m be z(16). List the prime factors of (-107)/m - 6/(-24).
3
Suppose 2*w - 2 = w. Suppose -5*t + 84 + 49 = w*k, 5*t = -k + 59. What are the prime factors of k?
2, 37
Let o be 0*(4 - 4 - -1). Let l = 6 + o. What are the prime factors of (25/4)/(l/24)?
5
Suppose 5270 = -14*l + 43742. What are the prime factors of l?
2, 3, 229
Let m = 12625 - 8991. What are the prime factors of m?
2, 23, 79
Suppose 1962 = 9*v - 9693. What are the prime factors of v?
5, 7, 37
Suppose -106*h + 111*h = 8655. What are the prime factors of h?
3, 577
Suppose 6*i = i + 5475. Suppose i = -11*g + 16*g. What are the prime factors of g?
3, 73
What are the prime factors of 27952/(2 - -6) + -6?
2, 109
Suppose 0*h + 3647 = 7*h. What are the prime factors of h?
521
Suppose 0 = 4*r - 3*r - 1. List the prime factors of -3*((-30)/9 - r).
13
List the prime factors of 692/(-5 + 9 + -3).
2, 173
Let g = -1123 + 1657. Let q = 1076 - g. List the prime factors of (-3)/15 - q/(-10).
2, 3
Let l = -568 + 3657. What are the prime factors of l?
3089
Let z(c) = 122*c**2 - 8*c - 6. List the prime factors of z(-1).
2, 31
Let w(z) = -3*z + 61. Let v be w(-15). Let i = v - 52. What are the prime factors of i?
2, 3
Let s = -87 - 43. Let r = s - -414. List the prime factors of r.
2, 71
Let t(u) = 28*u**3 + 3*u**2 - 4*u + 1. Let y = 123 + -121. List the prime factors of t(y).
229
Let m(t) be the third derivative of -t**6/120 - t**5/20 - t**4/6 - 2*t**3/3 + 34*t**2. List the prime factors of m(-5).
2, 3, 11
What are the prime factors of 2793/5 - (-12)/(-20)?
2, 3, 31
Let n = 643 - 420. List the prime factors of n.
223
Let d(h) = 2*h**3 - 6*h**2 - 3*h + 7. Let f be d(3). Let u(a) = 13*a**2 - 3*a - 6. What are the prime factors of u(f)?
2, 13
Let i(d) = 3*d - 3. Let h be i(2). Suppose 0 = 5*y + 3*x - 514, h*y = -y - 3*x + 413. What are the prime factors of y?
101
Suppose -3*g + 2*g = -5*z + 4342, 5*g = 15. What are the prime factors of z?
11, 79
Suppose -4*a = -3*a. Suppose 4*x - 16 = -a. Let y(k) = 3*k. What are the prime factors of y(x)?
2, 3
Let h(m) = m - 1. Let a(w) = -13*w + 58. Let d(s) = a(s) + 3*h(s). List the prime factors of d(-10).
5, 31
Let s be -9 + 2 + 1 - 3. Let t = -17 - s. Let w(q) = -4*q - 7. List the prime factors of w(t).
5
Let c(i) = i**3 + 13*i**2 + 8*i - 17. Suppose -v + 3*k - 12 = 0, -v = 2*k - k + 12. Let g be c(v). Suppose -g = -z + 11. What are the prime factors of z?
2, 3, 7
Let k = -258 + 461. What are the prime factors of k?
7, 29
Let q be 86/(-10) + 4 + 4/(-10). What are the prime factors of (2 + 321)/((2 - q) + -6)?
17, 19
Suppose -7*z = -108 - 67. List the prime factors of z.
5
Let h = 7598 - 4088. What are the prime factors of h?
2, 3, 5, 13
Let f(w) be the third derivative of w**6/720 - w**5/120 - w**4/12 + 6*w**2. Let o(c) be the second derivative of f(c). List the prime factors of o(7).
2, 3
Suppose 0 = 118*v - 70*v - 166080. List the prime factors of v.
2, 5, 173
Let v be -1 + 0 - (-217)/(-7). Let y = 68 + v. What are the prime factors of y*2/(24/20)?
2, 3, 5
List the prime factors of (-1)/2 + 41022/36.
17, 67
Let b(r) = 4*r**3 - 8*r**2 + 4*r - 2. Let l be b(3). Suppose -3*h + 4 - 1 = 0. What are the prime factors of 4/(h + -5) + l?
3, 5
Let h(v) = v**3 - 4*v**2 - 12*v + 4. Let n be h(6). Suppose -808 = -4*o - n*o. What are the prime factors of o?
101
Let d(l) = 75*l**2 + 2*l + 3. Suppose -2*f + 1 = c + 3, -2*f - 2 = -2*c. What are the prime factors of d(f)?
2, 19
Suppose -2*s = -2*m + 7*m - 55, -3*m = 3*s - 87. Let b be (1210/s)/(1/(-3)). Let f = b + 196. List the prime factors of f.
3, 5
Suppose 212*y + 3366 = 218*y. What are the prime factors of y?
3, 11, 17
Let t = -323 + 516. List the prime factors of t.
193
Suppose -5*a + 2*m = 7*m - 525, -20 = -4*m. Suppose 0 = 4*d - 7*d - 5*n + a, 0 = 2*d + 3*n - 68. List the prime factors of d.
2, 5
Let a = 23 - 11. Let x(p) = -p**3 + 13*p**2 - 9*p + 16. Let d be x(a). Let y = d + -26. What are the prime factors of y?
2, 13
Suppose 0 = -10*w + 7268 + 2722. Let t = -697 + w. List the prime factors of t.
2, 151
Suppose 5*c + 932 = 2947. List the prime factors of c.
13, 31
What are the prime factors of (13 - 12)*(0 + 569)?
569
Suppose -4*o = -t, 4*o - 3 = 1. Let l be (63/2)/(2/t). Suppose -5*b + 35 = w - l, 4*b - 84 = 2*w. What are the prime factors of b?
2, 5
Let z = 62 + -88. Let y = z - 4. What are the prime factors of ((-16)/(-20))/((-4)/y)?
2, 3
Let y(b) = 6*b + 5. Let c be y(2). Suppose -21*n + 384 = -c*n. Let w = n + -53. What are the prime factors of w?
43
Suppose -8*m = -2*m. Suppose -169 = -5*h - 3*f, 5*f + 17 = h - m*h. What are the prime factors of h?
2
Suppose -2*o - 3*t = -701, -343 = o - 2*o + t. Suppose -g + 421 = 5*d - o, 4*d + 2*g = 610. List the prime factors of d.
2, 7, 11
Let i = 656 + 211. List the prime factors of i.
3, 17
List the prime factors of (6 - -1570) + (-5)/(5/(-7)).
1583
Suppose 0 = -o + 2*m - 5*m + 11, m = -3*o + 17. Suppose -3*u - o = -3*g - 14, 5*u - 2*g = 0. List the prime factors of 6 + (-1 - u) - -1.
2
Let q(r) = 2*r**3 - 13*r**2 + 3*r + 12. Let o be q(6). Let s(w) = -1 - 11 + 2 + 0*w - 6*w. What are the prime factors of s(o)?
2, 13
Suppose 29*h + 5*s + 1395 = 31*h, -2*h = 4*s - 1404. List the prime factors of h.
2, 5, 7
Suppose 5*d + 43 = -4*g + 315, 136 = 2*g + 4*d. Suppose -8*m = -g + 4. What are the prime factors of m?
2
Suppose -3*g = -21 + 63. Let v be (-1)/(3 + g/4). What are the prime factors of 31/v + (-2)/4?
3, 5
Suppose 5*k + 4*n = -0*k + 253, 0 = -n + 2. Suppose 61 + k = 2*c. List the prime factors of c.
5, 11
Let q = 11 - -5. Let c = 24 - q. Let k = c + 12. What are the prime factors of k?
2, 5
Let r(z) = -6 + 22*z - 9*z + 12*z**2 - z**3 + 3*z. Let y(q) = q**3 + 6*q**2 - 9*q - 1. Let x be y(-7). List the prime factors of r(x).
3, 11